398?
False
Does 49 divide 1330423?
False
Is 727 a factor of 359343741?
True
Does 1362 divide 1439340707?
False
Is 535241274 a multiple of 79?
True
Is 2 a factor of 4163594?
True
Does 154 divide 79181393?
False
Is 11 a factor of 62948304?
False
Is 295 a factor of 2370130890?
True
Is 107830102 a multiple of 79?
True
Does 157 divide 16910470?
True
Does 2729 divide 84609916?
True
Does 15 divide 5926725?
True
Is 11809821 a multiple of 91?
False
Is 235477653 a multiple of 3057?
True
Is 34 a factor of 81172203?
False
Does 36 divide 19835278?
False
Is 13 a factor of 1240200754?
True
Is 1314 a factor of 137041605?
False
Is 733036 a multiple of 2?
True
Does 11 divide 1323540372?
True
Is 24241750 a multiple of 739?
False
Is 5905735 a multiple of 7?
False
Is 4402 a factor of 614442711?
False
Is 19 a factor of 383508980?
False
Is 44 a factor of 56370315?
False
Is 3832 a factor of 151149698?
False
Is 28 a factor of 396199188?
True
Is 29 a factor of 32812011?
False
Does 26 divide 44866952?
True
Is 465965270 a multiple of 2580?
False
Is 11 a factor of 99553069?
True
Does 13 divide 23944583?
True
Is 1731478995 a multiple of 1845?
True
Is 217 a factor of 105045143?
True
Is 101 a factor of 14641461?
False
Does 195 divide 61717067?
False
Is 11990 a factor of 2957357480?
True
Is 33 a factor of 52273023?
True
Is 751 a factor of 304540263?
True
Does 334 divide 44241486?
False
Is 207 a factor of 2917251?
True
Is 1753910488 a multiple of 35?
False
Does 286 divide 135527392?
True
Does 44 divide 54230910?
False
Is 332225826 a multiple of 43?
True
Is 171663019 a multiple of 38?
False
Does 518 divide 198182162?
False
Does 61 divide 329469295?
False
Does 161 divide 527114?
True
Is 856384279 a multiple of 16?
False
Does 1073 divide 5556454317?
True
Does 28 divide 33302576?
False
Does 1663 divide 655799061?
True
Does 59 divide 63958360?
True
Does 134 divide 321841843?
False
Is 81398857 a multiple of 8?
False
Does 1040 divide 24552320?
True
Is 5590970 a multiple of 10?
True
Is 392 a factor of 729375734?
False
Does 2444 divide 234391820?
True
Does 120 divide 56629320?
True
Is 18092172 a multiple of 2842?
True
Does 4 divide 50666762?
False
Is 16 a factor of 105286753?
False
Is 9937664 a multiple of 352?
True
Is 260 a factor of 22711123?
False
Is 2134 a factor of 170869380?
True
Is 18221424 a multiple of 16?
True
Is 74619803 a multiple of 450?
False
Is 1004040966 a multiple of 691?
True
Is 47813266 a multiple of 704?
False
Does 33 divide 27552732?
False
Is 124 a factor of 83920409?
False
Is 221358758 a multiple of 834?
False
Does 855 divide 21489904?
False
Is 41825018 a multiple of 94?
True
Is 1481558297 a multiple of 6?
False
Is 396508407 a multiple of 14?
False
Is 111836275 a multiple of 415?
True
Is 70256183 a multiple of 29?
True
Is 14123123 a multiple of 51?
False
Does 1832 divide 21857592?
True
Is 2854733 a multiple of 21?
False
Is 33 a factor of 15439974?
True
Does 6 divide 1669218?
True
Is 612270288 a multiple of 12?
True
Is 8690321 even?
False
Does 10 divide 1041937480?
True
Does 61 divide 28193834?
True
Is 62294934 a multiple of 4?
False
Is 25 a factor of 5556436?
False
Does 5 divide 83414970?
True
Does 55 divide 213919365?
True
Is 6 a factor of 76630089?
False
Is 27862653 a multiple of 39?
True
Is 2681884878 a multiple of 8466?
True
Does 28 divide 12824597?
False
Does 1318 divide 48287954?
False
Is 8581248 a multiple of 351?
True
Is 27 a factor of 16503530?
False
Is 1259649852 a multiple of 906?
True
Does 373 divide 96370891?
True
Is 20 a factor of 1009501160?
True
Is 325031112 a multiple of 2172?
True
Is 498 a factor of 32063730?
True
Is 1425 a factor of 143025748?
False
Is 11 a factor of 79457928?
True
Is 352 a factor of 412671669?
False
Does 102 divide 8145477?
False
Is 368463620 even?
True
Is 223 a factor of 491594803?
True
Is 74250810 a multiple of 45?
True
Is 586238704 a multiple of 1593?
False
Does 2012 divide 6454170?
False
Is 39504713 a multiple of 3?
False
Is 253 a factor of 3024087?
False
Is 47 a factor of 309212750?
False
Is 1135912842 a multiple of 6?
True
Is 17 a factor of 13173487?
True
Does 33 divide 273003769?
False
Does 5 divide 22191139?
False
Is 1258009 a multiple of 50?
False
Is 104674236 a multiple of 1120?
False
Is 1081149822 a multiple of 791?
False
Is 78703190 a multiple of 2762?
True
Is 355697762 a multiple of 31?
False
Does 162 divide 83542104?
True
Does 334 divide 107992088?
False
Is 106281950 a multiple of 8?
False
Does 1905 divide 441671330?
False
Is 200890570 a multiple of 4343?
False
Does 82 divide 29590684?
True
Does 15 divide 162265066?
False
Is 160 a factor of 85975689?
False
Is 8909600 a multiple of 20?
True
Is 463822959 a multiple of 3233?
False
Is 479293699 a multiple of 867?
False
Does 135 divide 62669254?
False
Is 10790 a factor of 1384324630?
True
Is 498 a factor of 358258745?
False
Is 1927 a factor of 24391969?
False
Does 68 divide 94773436?
True
Is 42 a factor of 98215950?
True
Is 11321184 a multiple of 204?
True
Is 3174 a factor of 54055647?
False
Does 86 divide 3228930402?
False
Is 26845623 a multiple of 97?
True
Is 277295308 a multiple of 10?
False
Is 599249763 a multiple of 441?
True
Does 54 divide 35852544?
True
Is 4542 a factor of 3608329846?
False
Is 57227821 a multiple of 7?
True
Does 63 divide 254318521?
False
Is 4 a factor of 305560741?
False
Does 562 divide 16676226?
True
Is 40498438 a multiple of 55?
False
Does 114 divide 3005162059?
False
Does 1073 divide 259287231?
True
Does 46 divide 43881924?
False
Does 238 divide 1139700883?
False
Is 14183862 a multiple of 121?
True
Does 21 divide 802264950?
False
Is 45995004 a multiple of 1037?
False
Is 2622827804 a multiple of 3293?
False
Does 3924 divide 1282492692?
True
Does 3 divide 1210504?
False
Is 6528 a factor of 420324864?
True
Does 8 divide 28074369?
False
Is 38 a factor of 4941936138?
True
Is 10800900 a multiple of 624?
False
Is 1431 a factor of 283442463?
True
Is 11 a factor of 9962183?
True
Is 31 a factor of 60140093?
True
Does 803 divide 1587534212?
True
Does 7 divide 206222436?
True
Is 4098686885 a multiple of 86?
False
Is 431 a factor of 1100882612?
True
Is 2 a factor of 190005987?
False
Is 2682218840 a multiple of 28?
True
Does 8 divide 278507180?
False
Is 374943726 a multiple of 6442?
True
Is 24 a factor of 16641744?
True
Does 11 divide 93430083?
False
Is 487 a factor of 321112131?
False
Does 62 divide 1785902354?
False
Does 145 divide 28461114?
False
Does 833 divide 110933998?
False
Is 14 a factor of 50165906?
True
Does 276 divide 6377550?
False
Is 2830541672 a multiple of 5188?
True
Is 34752473 a multiple of 787?
False
Is 4262670883 a multiple of 656?
False
Does 4064 divide 2487948211?
False
Does 369 divide 439631901?
False
Is 62 a factor of 5539880?
False
Is 1384455912 a multiple of 14?
True
Is 8 a factor of 19791160?
True
Does 33 divide 77190729?
True
Does 839 divide 124373278?
False
Is 130 a factor of 419182512?
False
Is 35462802 a multiple of 271?
False
Is 2998 a factor of 310939870?
False
Is 22 a factor of 621409215?
False
Does 132 divide 25404508?
False
Does 2 divide 70590034?
True
Is 1589 a factor of 35194556?
False
Does 126 divide 745371282?
False
Does 9 divide 101725284?
False
Is 8380116 a multiple of 335?
False
Is 24134440 a multiple of 220?
True
Is 182120967 a multiple of 801?
True
Is 7 a factor of 30355678?
False
Is 186 a factor of 38312652?
True
Does 129 divide 57705549?
False
Is 642192964 a multiple of 14?
True
Does 4 divide 30407538?
False
Does 167 divide 51876172?
False
Does 649 divide 151612583?
False
Does 165 divide 502940295?
True
Is 11610 a factor of 803545996?
False
Is 406160945 a multiple of 55?
False
Does 18 divide 5421096?
True
Is 7 a factor of 3879757?
True
Is 404 a factor of 58998750?
False
Does 1325 divide 189349125?
True
Is 524303 a multiple of 13?
True
Is 651 a factor of 630021973?
False
Is 671 a factor of 71608860?
False
Is 15870351 a multiple of 7?
True
Does 1250 divide 52937500?
True
Is 5 a factor of 298958410?
True
Is 172 a factor of 559112928?
False
Is 648887143 a multiple of 15?
False
Does 188 divide 36571452?
True
Is 457 a factor of 582137519?
False
Does 40 divide 117569126?
False
Is 5773459717 a multiple of 7551?
False
Is 81232533 a multiple of 48?
False
Does 115 divide 250185030?
True
Is 84513450 a multiple of 35